the highest common factor of 3606214 and 538?
538
What is the greatest common factor of 4910 and 600?
10
What is the highest common divisor of 1712 and 107321?
107
Calculate the greatest common factor of 24 and 40956.
12
Calculate the highest common factor of 5 and 27605.
5
What is the greatest common divisor of 48582 and 72?
18
Calculate the highest common divisor of 4727 and 3538.
29
What is the greatest common divisor of 320 and 21680?
80
What is the greatest common factor of 304 and 229672?
152
What is the highest common factor of 7225 and 544?
17
Calculate the greatest common divisor of 34201 and 3.
1
What is the highest common divisor of 14 and 682402?
14
What is the highest common divisor of 27956 and 464?
116
Calculate the greatest common divisor of 9407 and 2047.
23
What is the highest common divisor of 19520 and 2080?
160
What is the highest common divisor of 13936 and 208?
208
Calculate the greatest common divisor of 20 and 41602.
2
What is the greatest common divisor of 3201 and 6984?
291
What is the highest common divisor of 1995 and 4865?
35
Calculate the greatest common divisor of 338102 and 1704.
142
Calculate the greatest common divisor of 205 and 98995.
5
Calculate the highest common factor of 5117 and 71043.
119
Calculate the greatest common divisor of 559 and 2322.
43
Calculate the highest common factor of 4376 and 216.
8
What is the highest common divisor of 494 and 4706?
26
What is the greatest common factor of 26130 and 918570?
2010
What is the greatest common divisor of 70 and 102704?
14
Calculate the greatest common factor of 82321 and 15085.
431
What is the greatest common factor of 24 and 37384?
8
What is the greatest common divisor of 560430 and 351?
117
What is the greatest common factor of 73031 and 9?
1
What is the highest common divisor of 45262 and 57218?
854
Calculate the greatest common divisor of 6842 and 2882.
22
Calculate the greatest common divisor of 52884 and 28548.
468
Calculate the highest common divisor of 9360 and 1800.
360
Calculate the greatest common factor of 28137 and 5763.
339
What is the greatest common factor of 458 and 488457?
229
Calculate the highest common divisor of 6 and 316821.
3
Calculate the greatest common divisor of 59442 and 114.
6
What is the highest common factor of 13 and 17888?
13
Calculate the highest common divisor of 96 and 126768.
48
Calculate the highest common divisor of 9000 and 4800.
600
Calculate the highest common factor of 7701 and 26979.
51
What is the highest common divisor of 1890 and 225414?
126
What is the greatest common divisor of 255 and 3553?
17
Calculate the highest common divisor of 352 and 1397.
11
Calculate the highest common factor of 64 and 101440.
64
Calculate the highest common factor of 1954128 and 396.
132
What is the greatest common divisor of 279 and 9180?
9
What is the greatest common divisor of 231 and 16401?
231
Calculate the highest common divisor of 10 and 2906230.
10
What is the highest common divisor of 65 and 75595?
65
Calculate the greatest common factor of 47375 and 61777.
379
What is the greatest common divisor of 2305 and 84824?
461
What is the highest common factor of 2600 and 832?
104
Calculate the highest common divisor of 11676209 and 241.
241
What is the greatest common factor of 861 and 16851?
123
Calculate the highest common factor of 95 and 13955.
5
Calculate the greatest common divisor of 3686678 and 3310.
662
Calculate the highest common factor of 711 and 1719.
9
What is the highest common divisor of 54928 and 912?
16
What is the greatest common factor of 1674127 and 13?
13
What is the greatest common factor of 53560 and 7622?
206
Calculate the greatest common divisor of 4578 and 627949.
763
Calculate the greatest common divisor of 142 and 3266.
142
What is the highest common factor of 42 and 336318?
6
Calculate the greatest common factor of 37 and 3971950.
37
What is the highest common factor of 41130 and 180?
90
Calculate the greatest common divisor of 212280 and 150.
30
Calculate the greatest common factor of 2784 and 600648.
696
Calculate the highest common factor of 30474 and 90.
18
Calculate the greatest common factor of 219 and 923231.
73
Calculate the greatest common factor of 37327 and 2519.
229
Calculate the greatest common divisor of 3973 and 5069.
137
What is the highest common factor of 3726 and 22032?
162
What is the highest common divisor of 9638 and 61462?
158
What is the highest common divisor of 27260 and 23200?
580
Calculate the greatest common factor of 54998 and 514.
514
Calculate the greatest common factor of 352563 and 3.
3
What is the highest common factor of 69336 and 864?
216
Calculate the greatest common factor of 241 and 1951618.
241
What is the highest common factor of 13661 and 589?
19
What is the highest common divisor of 12 and 1543?
1
What is the greatest common divisor of 480 and 218580?
60
What is the highest common divisor of 140 and 2215480?
20
Calculate the highest common divisor of 528 and 1375.
11
Calculate the highest common divisor of 459850 and 150.
50
Calculate the highest common factor of 2511 and 10974.
93
Calculate the greatest common divisor of 459 and 174879.
459
What is the greatest common divisor of 34 and 17595?
17
Calculate the greatest common factor of 25362 and 72.
18
What is the highest common factor of 192244 and 13?
13
What is the greatest common divisor of 22 and 731181?
11
Calculate the highest common factor of 202257 and 2376.
297
Calculate the highest common divisor of 12435 and 1515.
15
What is the greatest common factor of 2372 and 4724?
4
Calculate the highest common factor of 738302 and 76.
38
Calculate the highest common divisor of 4402 and 18602.
142
What is the highest common divisor of 604552 and 312?
104
What is the greatest common divisor of 51160 and 1184354?
2558
Calculate the highest common factor of 1944 and 1592.
8
Calculate the greatest common divisor of 1560 and 200.
40
Calculate the highest common factor of 678128 and 176.
176
What is the greatest common factor of 12 and 4946844?
12
Calculate the highest common divisor of 22816 and 92.
92
Calculate the greatest common factor of 146 and 1466424.
146
Calculate the greatest common divisor of 84 and 1348836.
12
Calculate the highest common divisor of 2944 and 1150.
46
Calculate the highest common factor of 35695 and 20945.
295
What is the highest common divisor of 6000 and 288?
48
Calculate the greatest common factor of 11028 and 172.
4
What is the highest common factor of 8346 and 39162?
642
Calculate the greatest common divisor of 1520 and 754072.
152
Calculate the highest common factor of 104 and 32288.
8
Calculate the highest common factor of 14473 and 72012.
353
Calculate the highest common divisor of 2075 and 4399.
83
What is the greatest common factor of 17533 and 267?
89
What is the greatest common divisor of 283034 and 470?
94
Calculate the greatest common divisor of 12 and 324468.
12
What is the highest common divisor of 8601 and 2397?
141
What is the greatest common divisor of 1 and 3359?
1
Calculate the greatest common factor of 2353 and 62807.
181
Calculate the greatest common factor of 5 and 1102635.
5
What is the greatest common divisor of 11940 and 1140?
60
What is the greatest common factor of 249 and 75779?
83
Calculate the highest common factor of 12988 and 1700.
68
Calculate the highest common divisor of 6224 and 389.
389
What is the greatest common factor of 1363969 and 2852?
713
What is the greatest common divisor of 157873 and 141?
47
What is the greatest common divisor of 6394591 and 14?
7
Calculate the greatest common divisor of 96180 and 21.
21
What is the highest common factor of 133 and 5149?
19
What is the highest common factor of 12673 and 465044?
551
What is the highest common factor of 520 and 206700?
260
What is the greatest common divisor of 18201 and 24?
3
What is the highest common divisor of 6224207 and 473?
473
What is the greatest common factor of 1022 and 301?
7
Calculate the greatest common factor of 144 and 183952.
16
Calculate the greatest common factor of 187 and 129943.
11
Calculate the greatest common divisor of 904 and 474374.
226
What is the highest common divisor of 308 and 162074?
22
What is the greatest common divisor of 4978 and 10?
2
What is